{"id":1120,"date":"2022-02-28T22:36:01","date_gmt":"2022-02-28T21:36:01","guid":{"rendered":"https:\/\/itprzemysl40.com\/edycja-2022\/?page_id=1120"},"modified":"2022-06-20T14:26:32","modified_gmt":"2022-06-20T12:26:32","slug":"program-pl","status":"publish","type":"page","link":"https:\/\/itprzemysl40.com\/edycja-2022\/program-pl\/","title":{"rendered":"Program PL"},"content":{"rendered":"\t\t<div data-elementor-type=\"wp-page\" data-elementor-id=\"1120\" class=\"elementor elementor-1120\" data-elementor-post-type=\"page\">\n\t\t\t\t\t\t\t\t\t<section class=\"penci-section penci-dmcheck penci-elbg-activate penci-disSticky penci-structure-20 elementor-section elementor-top-section elementor-element elementor-element-64d6bd9 elementor-section-content-middle elementor-section-boxed elementor-section-height-default elementor-section-height-default\" data-id=\"64d6bd9\" data-element_type=\"section\" data-settings=\"{&quot;background_background&quot;:&quot;classic&quot;}\">\n\t\t\t\t\t\t<div class=\"elementor-container elementor-column-gap-wider\">\n\t\t\t\t\t<div class=\"penci-ercol-50 penci-ercol-order-1 penci-sticky-ct    elementor-column elementor-col-50 elementor-top-column elementor-element elementor-element-e888fc6\" data-id=\"e888fc6\" data-element_type=\"column\">\n\t\t\t<div class=\"elementor-widget-wrap elementor-element-populated\">\n\t\t\t\t\t\t\t\t<div class=\"elementor-element elementor-element-f0db80f elementor-widget elementor-widget-penci-fancy_heading\" data-id=\"f0db80f\" data-element_type=\"widget\" data-widget_type=\"penci-fancy_heading.default\">\n\t\t\t\t<div class=\"elementor-widget-container\">\n\t\t\t\t\t<div class=\"penci-fancy-heading penci-heading-text-left\">\r\n\t\t\t<div class=\"penci-fancy-heading-inner\">\r\n\t\t\t\t<h2 class=\"penci-heading-title\"><span class=\"inner-tit\">Program<\/span><\/h2>\t\t\t<\/div>\r\n\t\t<\/div>\r\n\t\t\t\t<\/div>\n\t\t\t\t<\/div>\n\t\t\t\t\t<\/div>\n\t\t<\/div>\n\t\t\t\t<div class=\"penci-ercol-50 penci-ercol-order-2 penci-sticky-ct    elementor-column elementor-col-50 elementor-top-column elementor-element elementor-element-dec7438\" data-id=\"dec7438\" data-element_type=\"column\">\n\t\t\t<div class=\"elementor-widget-wrap\">\n\t\t\t\t\t\t\t\t\t<\/div>\n\t\t<\/div>\n\t\t\t\t\t\t\t<\/div>\n\t\t<\/section>\n\t\t\t\t<section class=\"penci-section penci-disSticky penci-structure-20 elementor-section elementor-top-section elementor-element elementor-element-6adcbe4 elementor-section-full_width elementor-section-content-middle elementor-section-height-default elementor-section-height-default\" data-id=\"6adcbe4\" data-element_type=\"section\">\n\t\t\t\t\t\t<div class=\"elementor-container elementor-column-gap-no\">\n\t\t\t\t\t<div class=\"penci-ercol-50 penci-ercol-order-1 penci-sticky-ct    elementor-column elementor-col-50 elementor-top-column elementor-element elementor-element-175d751\" data-id=\"175d751\" data-element_type=\"column\">\n\t\t\t<div class=\"elementor-widget-wrap elementor-element-populated\">\n\t\t\t\t\t\t\t\t<div class=\"elementor-element elementor-element-6c38dc4 elementor-widget elementor-widget-heading\" data-id=\"6c38dc4\" data-element_type=\"widget\" data-widget_type=\"heading.default\">\n\t\t\t\t<div class=\"elementor-widget-container\">\n\t\t\t<h2 class=\"elementor-heading-title elementor-size-default\">\"Innowacyjne rozwi\u0105zania IT w przemy\u015ble 4.0\"<br>                               26-27.05.2022<\/h2>\t\t<\/div>\n\t\t\t\t<\/div>\n\t\t\t\t\t<\/div>\n\t\t<\/div>\n\t\t\t\t<div class=\"penci-ercol-50 penci-ercol-order-2 penci-sticky-ct    elementor-column elementor-col-50 elementor-top-column elementor-element elementor-element-82dd9f3\" data-id=\"82dd9f3\" data-element_type=\"column\">\n\t\t\t<div class=\"elementor-widget-wrap elementor-element-populated\">\n\t\t\t\t\t\t\t\t\t<\/div>\n\t\t<\/div>\n\t\t\t\t\t\t\t<\/div>\n\t\t<\/section>\n\t\t\t\t<section class=\"penci-section penci-disSticky penci-structure-20 elementor-section elementor-top-section elementor-element elementor-element-f84538f elementor-section-content-middle elementor-section-full_width elementor-section-height-default elementor-section-height-default\" data-id=\"f84538f\" data-element_type=\"section\">\n\t\t\t\t\t\t<div class=\"elementor-container elementor-column-gap-no\">\n\t\t\t\t\t<div class=\"penci-ercol-50 penci-ercol-order-1 penci-sticky-ct  penci-dmcheck penci-elbg-activate  elementor-column elementor-col-50 elementor-top-column elementor-element elementor-element-0b2bc4a\" data-id=\"0b2bc4a\" data-element_type=\"column\" data-settings=\"{&quot;background_background&quot;:&quot;classic&quot;}\">\n\t\t\t<div class=\"elementor-widget-wrap elementor-element-populated\">\n\t\t\t\t\t\t\t\t<div class=\"elementor-element elementor-element-e1beb19 elementor-widget elementor-widget-penci-text-block\" data-id=\"e1beb19\" data-element_type=\"widget\" data-widget_type=\"penci-text-block.default\">\n\t\t\t\t<div class=\"elementor-widget-container\">\n\t\t\t\t\t<div class=\"penci-block-vc penci-text-editor\">\r\n\t\t\t        <div class=\"penci-border-arrow penci-homepage-title penci-home-latest-posts style-6 pcalign-left pciconp-right pcicon-right block-title-icon-left\">\r\n            <h3 class=\"inner-arrow\">\r\n                <span>\r\n                    <span>Dzie\u0144 1:<\/a>                <\/span>\r\n            <\/h3>\r\n\t\t\t        <\/div>\r\n\t\t\t\t\t<div class=\"penci-block_content\">\r\n\t\t\t\t<div class=\"elementor-text-editor elementor-clearfix\"><p>9.00 &#8211; 10.30\u2013 rejestracja uczestnik\u00f3w<\/p><p>10.30 do 12.00 \u2013 sesja \u201eWyzwania przemys\u0142u 4.0 w Polsce\u201d<\/p><ol><li><strong>dr in\u017c. Artur Koz\u0142owski \u2013 Dyrektor Instytutu, Sie\u0107 Badawcza \u0141ukasiewicz \u2013 Instytut Technik Innowacyjnych EMAG \u201eKompleksowe podej\u015bcie do bezpiecze\u0144stwa w rozwi\u0105zaniach technologicznych dla Przemys\u0142u 4.0\u201d<\/strong><\/li><li><strong>dr Przemys\u0142aw Jura \u2013 Prezes Fundacji Instytutu Nauk Ekonomicznych i Spo\u0142ecznych \u201eWyzwania we wdra\u017caniu rozwi\u0105za\u0144 technologicznych w bran\u017cy Przemys\u0142u 4.0\u201d<\/strong><\/li><li><strong>dr in\u017c. Jan Bondaruk \u2013 z-ca Dyrektora ds. In\u017cynierii \u015arodowiska, G\u0142\u00f3wny Instytut G\u00f3rnictwa \u201eEkoinnowacje i nowe modele biznesowe w procesie zielonej transformacji\u201d<\/strong><\/li><li><strong>Andrzej Zabiegli\u0144ski \u2013 Wiceprezes Zarz\u0105du \u2013 KSSE Katowice<\/strong><\/li><li><strong>Pawe\u0142 Nowak \u2013 Dyrektor Dzia\u0142u Zarz\u0105dzania Wiedz\u0105 \u2013 Platforma Przemys\u0142u Przysz\u0142o\u015bci \u201eBariery j\u0119zykowe i kulturowe we wdra\u017caniu rozwi\u0105za\u0144 Przemys\u0142u 4.0 w Polsce\u201d<\/strong><\/li><li><strong>Tomasz Zjawiony \u2013 Prezes Regionalnej Izby Gospodarczej<\/strong><\/li><\/ol><p><strong>\u00a0<\/strong><\/p><p>12.00 do 12.30 \u2013 przerwa kawowa<\/p><p>12.30 do 14.00 \u2013 sesja Nowoczesne systemy pomiarowe, automatyki i sterowania<\/p><ol><li><strong>Miros\u0142aw Bobrzy\u0144ski \u2013 Prezes Park Naukowo Technologiczny Euro-Centrum Katowice \u201eW kierunku budownictwa 4.0 \u2013 perspektywy rozwoju bran\u017cy budowlanej\u201d<\/strong><\/li><li><strong>dr in\u017c. Piotr Wojtas \u2013 Prezes Centrum Naukowo-Przemys\u0142owe EMAG \u201eInnowacyjne rozwi\u0105zania dla przemys\u0142u\u201d<\/strong><\/li><li><strong>dr in\u017c. Jaros\u0142aw Smy\u0142a \u2013 Dyrektor Centrum, Centrum Badawcze Technologii, \u00a0Sie\u0107 Badawcza \u0141ukasiewicz \u2013 Instytut Technik Innowacyjnych EMAG \u201eAktualne wyzwania w miernictwie przemys\u0142owym\u201d<\/strong><\/li><li><strong>Andrzej Habry\u0144 \u2013 SmartSelect Sp. z o.o. w organizacji\u00a0 \u2013 \u201eInteligentna zrobotyzowana dekompozycja obiekt\u00f3w jako spos\u00f3b na odpady\u201d<\/strong><\/li><li><strong>Prof. dr hab. in\u017c.Tomasz Barszcz \u2013 \u201d Trendy w analizie drga\u0144 mechanicznych w utrzymaniu ruchu maszyn\u201d<\/strong><\/li><li><strong>dr in\u017c. Wojciech Sakowski &#8211; &#8222;Urz\u0105dzenia IT jako \u017ar\u00f3d\u0142o danych<\/strong><br \/><strong>o maszynach i procesach produkcyjnych&#8221;<\/strong><\/li><li><strong>dr in\u017c. Piotr Wyci\u015blok \u2013 \u201eSystemy wizyjne w zastosowaniach przemys\u0142owych\u201d<\/strong><\/li><\/ol><p><strong>\u00a0<\/strong><\/p><p>14.30 do 15.30 \u2013 lunch<\/p><p>15.30 do 17.00 \u2013 Sesja interaktywna &#8211; IT, ITC i IOT w przemy\u015ble<\/p><ol><li><strong>S\u0142awomir Smugowski \u2013 Przewodnicz\u0105cy Komitetu ds. edukacji, Sektorowa Rada ds. Kompetencji Telekomunikacja i Cyberbezpiecze\u0144stwo<\/strong>\u00a0\u201e<strong>Kompetencje Przemys\u0142u 4.0\u201d<\/strong><\/li><li><strong>Tomasz Wo\u017anica \u2013 Dyrektor Centrum, Centrum Bada\u0144 i Certyfikacji, Sie\u0107 Badawcza \u0141ukasiewicz \u2013 Instytut Technik Innowacyjnych EMAG \u201eNowoczesne rozwi\u0105zania IT w Przemy\u015ble 4.0\u201d<\/strong><\/li><li><strong>Artur Pollak \u2013 Prezes Zarz\u0105du APA Group \u201eOd pilota\u017cu do control roomu. Nowoczesna organizacja zarz\u0105dzana przez dane\u201d<\/strong><\/li><li><strong>Prof. P\u015a dr hab. Aleksandra Kuzior, DHC (Prezes \u015al\u0105skiego Centrum Etyki Biznesu i Zr\u00f3wnowa\u017conego Rozwoju, Prodziekan ds. Wsp\u00f3\u0142pracy i Rozwoju Wydzia\u0142u Organizacji i Zarz\u0105dzania Politechniki \u015al\u0105skiej) \u2013 \u201eBezrobocie technologiczne W perspektywie rozwoju przemys\u0142u 4.0\u201d<\/strong><\/li><li><strong>Witold \u017bo\u0142na \u2013 Prezes zarz\u0105du Proteco Machines Sp. z o.o. \u2013 \u201eWyzwania automatycznej kontroli i sterowania specjalistycznych urz\u0105dze\u0144 do mycia elewacji wysokich budynk\u00f3w\u201d<\/strong><\/li><li><strong>Patryk Zarychta \u2013 \u201eIT w emisji d\u017awi\u0119ku w bran\u017cy medycznej i rozrywkowej\u201d<\/strong><\/li><\/ol><p><strong>\u00a0<\/strong><\/p><p>17.00 Przerwa kawowa<\/p><p>17.30 Sesja prezentacyjna i wirtualny spacer<\/p><\/div>\r\n\t\t\t<\/div>\r\n\t\t<\/div>\r\n\t\t\t\t<\/div>\n\t\t\t\t<\/div>\n\t\t\t\t\t<\/div>\n\t\t<\/div>\n\t\t\t\t<div class=\"penci-ercol-50 penci-ercol-order-2 penci-sticky-ct  penci-dmcheck penci-elbg-activate  elementor-column elementor-col-50 elementor-top-column elementor-element elementor-element-beeed88\" data-id=\"beeed88\" data-element_type=\"column\" data-settings=\"{&quot;background_background&quot;:&quot;classic&quot;}\">\n\t\t\t<div class=\"elementor-widget-wrap elementor-element-populated\">\n\t\t\t\t\t\t\t\t<div class=\"elementor-element elementor-element-7821c81 elementor-widget elementor-widget-penci-text-block\" data-id=\"7821c81\" data-element_type=\"widget\" data-widget_type=\"penci-text-block.default\">\n\t\t\t\t<div class=\"elementor-widget-container\">\n\t\t\t\t\t<div class=\"penci-block-vc penci-text-editor\">\r\n\t\t\t        <div class=\"penci-border-arrow penci-homepage-title penci-home-latest-posts style-6 pcalign-left pciconp-right pcicon-right block-title-icon-left\">\r\n            <h3 class=\"inner-arrow\">\r\n                <span>\r\n                    <span>Dzie\u0144 2:<\/a>                <\/span>\r\n            <\/h3>\r\n\t\t\t        <\/div>\r\n\t\t\t\t\t<div class=\"penci-block_content\">\r\n\t\t\t\t<div class=\"elementor-text-editor elementor-clearfix\"><p>10.00 do 10.30\u00a0 rejestracja uczestnik\u00f3w<\/p><p>10.30\u00a0 sesja wprowadzaj\u0105ca<\/p><p>11.00 do 13.00 Sesja &#8211; Bezpiecze\u0144stwie informacji w przemy\u015ble 4.0<\/p><ol><li><strong>\u0141ukasz G\u00f3recki \u2013 Dyrektor Klastra Silesia Automotive &amp; Advanced Manufacturing \u201eKlastry narz\u0119dziem wsparcia Industry 4.0\u201d<\/strong><\/li><li><strong>Micha\u0142 Chrobak \u2013 Kierownik IT, Sie\u0107 Badawcza \u0141ukasiewicz \u2013<\/strong><strong>\u00a0Instytut Technik Innowacyjnych EMAG \u201eSecurity Operation Center \u2013 moda czy konieczno\u015b\u0107\u201d<\/strong><\/li><li><strong>dr in\u017c. Dariusz Rogowski \u2013<\/strong>\u00a0<strong>Kierownik ITSEF, Sie\u0107 Badawcza \u0141ukasiewicz \u2013 Instytut Technik Innowacyjnych EMAG \u201eLekkie programy oceny i certyfikacji cyberbezpiecze\u0144stwa dla Przemys\u0142u 4.0\u201d<\/strong><\/li><li><strong>Mariusz Tomaka \u2013 Prezes Zarz\u0105du US-Polish Trade Council \u201ePrzemys\u0142 4.0 a problematyka AI w testach autonomicznych\u201d<\/strong><\/li><li><strong>dr in\u017c. Adrian Kapczy\u0144ski \u2013 Pe\u0142nomocnik Dziekana ds. wsp\u00f3\u0142pracy z przemys\u0142em Politechnika \u015al\u0105ska, Katedra zastosowa\u0144 matematyki i metod sztucznej inteligencji \u201eKrajobraz zagro\u017ce\u0144 z zakresu cyberbezpiecze\u0144stwa w \u015bwiecie rozwi\u0105za\u0144 informatycznych Przemys\u0142u 4.0\u201d<\/strong><\/li><\/ol><p>13.00 do 14.00 Lunch<\/p><p>14.00 do 15.30 Sesja &#8211; Efektywno\u015b\u0107 proces\u00f3w produkcyjnych<\/p><ol><li><strong>dr Przemys\u0142aw Jura \u2013 Prezes Fundacji Instytutu Nauk Ekonomicznych i Spo\u0142ecznych \u2013 \u201eWzrost ekoefektywno\u015bci proces\u00f3w produkcyjnych przy wykorzystaniu narz\u0119dzi IT w gospodarce obiegu zamkni\u0119tego\u201d<\/strong><\/li><li><strong>Luk Palmen \u2013<\/strong>\u00a0<strong>Manager ds. Innowacji i Kooperacji, Klaster Silesia Automotive &amp; Advanced Manufacturing<\/strong>\u00a0\u201e<strong>Kultura organizacyjna a transformacja cyfrowa\u201d<\/strong><\/li><li><strong>Leszek Ma\u015bniak, Micha\u0142 Bielecki &#8211; \u00a0Sie\u0107 Badawcza \u0141ukasiewicz \u2013 Instytut Technik Innowacyjnych EMAG &#8211; \u00a0\u201eOpracowanie narz\u0119dzia eksperckiego do modelowania ekonomiki pracy kot\u0142a\u201d<\/strong><\/li><li><strong>Adam Szatkowski \u2013 Panamint<\/strong>\u00a0\u00a0\u201e<strong>Nowa inwestycja Invento Capital\u201d<\/strong><\/li><li><strong>Martyna Dudzicz, Mateusz Skowro\u0144ski &#8211; Sie\u0107 Badawcza \u0141ukasiewicz \u2013 Instytut Technik Innowacyjnych EMAG \u201ePrzemys\u0142 4.0 \u2013 \u017ar\u00f3d\u0142a finansowania transformacji cyfrowej przedsi\u0119biorstw w Polsce\u201d<\/strong><\/li><li><strong><strong>Marek Bodnaru\u015b &#8211; Prezes Zarz\u0105du, AI WASTE TECH &#8211;<\/strong><\/strong><br \/><p class=\"_04xlpA direction-ltr align-start para-style-body\"><strong><span class=\"JsGRdQ\">&#8222;Separacja optyczna recyklingowych <\/span><span class=\"JsGRdQ\">tworzyw sztucznych <\/span><span class=\"JsGRdQ\">przy wykorzystaniu narz\u0119dzi it <\/span><span class=\"JsGRdQ\">w przemy\u015ble 4.0&#8243;<\/span><\/strong><\/p><\/li><\/ol><\/div>\r\n\t\t\t<\/div>\r\n\t\t<\/div>\r\n\t\t\t\t<\/div>\n\t\t\t\t<\/div>\n\t\t\t\t\t<\/div>\n\t\t<\/div>\n\t\t\t\t\t\t\t<\/div>\n\t\t<\/section>\n\t\t\t\t<section class=\"penci-section penci-disSticky penci-structure-10 elementor-section elementor-top-section elementor-element elementor-element-d4dac58 elementor-section-boxed elementor-section-height-default elementor-section-height-default\" data-id=\"d4dac58\" data-element_type=\"section\">\n\t\t\t\t\t\t<div class=\"elementor-container elementor-column-gap-default\">\n\t\t\t\t\t<div class=\"penci-ercol-100 penci-ercol-order-1 penci-sticky-ct    elementor-column elementor-col-100 elementor-top-column elementor-element elementor-element-af17c5a\" data-id=\"af17c5a\" data-element_type=\"column\">\n\t\t\t<div class=\"elementor-widget-wrap elementor-element-populated\">\n\t\t\t\t\t\t\t\t<div class=\"elementor-element elementor-element-99ec7dc elementor-widget elementor-widget-wp-widget-text\" data-id=\"99ec7dc\" data-element_type=\"widget\" data-widget_type=\"wp-widget-text.default\">\n\t\t\t\t<div class=\"elementor-widget-container\">\n\t\t\t\t\t\t<div class=\"textwidget\"><p><em>KONFERENCJA FINANSOWANA ZE \u015aRODK\u00d3W MINISTERSTWA EDUKACJI I NAUKI<\/em><\/p>\n<p><em>Organizator zastrzega prawo do wprowadzenia zmian w programie konferencji.\u00a0<\/em><\/p>\n<\/div>\n\t\t\t\t<\/div>\n\t\t\t\t<\/div>\n\t\t\t\t\t<\/div>\n\t\t<\/div>\n\t\t\t\t\t\t\t<\/div>\n\t\t<\/section>\n\t\t\t\t\t\t\t<\/div>\n\t\t","protected":false},"excerpt":{"rendered":"<p>Program &#8222;Innowacyjne rozwi\u0105zania IT w przemy\u015ble 4.0&#8221; 26-27.05.2022 Dzie\u0144 1: 9.00 &#8211; 10.30\u2013 rejestracja uczestnik\u00f3w 10.30 do 12.00 \u2013 sesja \u201eWyzwania przemys\u0142u 4.0 w Polsce\u201d dr in\u017c. Artur Koz\u0142owski \u2013&hellip;<\/p>\n","protected":false},"author":1,"featured_media":0,"parent":0,"menu_order":0,"comment_status":"closed","ping_status":"closed","template":"page-fullwidth.php","meta":{"footnotes":""},"_links":{"self":[{"href":"https:\/\/itprzemysl40.com\/edycja-2022\/wp-json\/wp\/v2\/pages\/1120"}],"collection":[{"href":"https:\/\/itprzemysl40.com\/edycja-2022\/wp-json\/wp\/v2\/pages"}],"about":[{"href":"https:\/\/itprzemysl40.com\/edycja-2022\/wp-json\/wp\/v2\/types\/page"}],"author":[{"embeddable":true,"href":"https:\/\/itprzemysl40.com\/edycja-2022\/wp-json\/wp\/v2\/users\/1"}],"replies":[{"embeddable":true,"href":"https:\/\/itprzemysl40.com\/edycja-2022\/wp-json\/wp\/v2\/comments?post=1120"}],"version-history":[{"count":146,"href":"https:\/\/itprzemysl40.com\/edycja-2022\/wp-json\/wp\/v2\/pages\/1120\/revisions"}],"predecessor-version":[{"id":2130,"href":"https:\/\/itprzemysl40.com\/edycja-2022\/wp-json\/wp\/v2\/pages\/1120\/revisions\/2130"}],"wp:attachment":[{"href":"https:\/\/itprzemysl40.com\/edycja-2022\/wp-json\/wp\/v2\/media?parent=1120"}],"curies":[{"name":"wp","href":"https:\/\/api.w.org\/{rel}","templated":true}]}}